{"id":9028,"date":"2015-09-06T22:32:34","date_gmt":"2015-09-06T21:32:34","guid":{"rendered":"http:\/\/hugocardoso.com\/blog\/?page_id=9028"},"modified":"2025-08-20T23:52:41","modified_gmt":"2025-08-20T22:52:41","slug":"projectos","status":"publish","type":"page","link":"https:\/\/hugocardoso.com\/blog\/projectos","title":{"rendered":"Projectos &#038; Parcerias"},"content":{"rendered":"<p>Aquando da cria\u00e7\u00e3o deste espa\u00e7o, o objetivo primordial passava por promover a intera\u00e7\u00e3o e partilhar algumas ideias e experi\u00eancias. Confesso que nos prim\u00f3rdios, esse conceito acabou por ficar aqu\u00e9m das expectativas mas consegui, na minha opini\u00e3o, encontrar o ponto de equil\u00edbrio necess\u00e1rio para promover algumas parcerias, sem me desviar do conceito original.<\/p>\n<p>A realidade econ\u00f3mica do nosso Pa\u00eds, em 2014 criou a necessidade de reduzir custos, dando origem ao <a href=\"http:\/\/hugocardoso.com\/blog\/archives\/7756\" target=\"_blank\" rel=\"noopener noreferrer\">Desafio<\/a>, em que me propus a limitar os gastos anuais (gadgets, tecnologia e figuras) a 240 euros. Apesar de ter come\u00e7ado bastante optimista, rapidamente conclu\u00ed que iria ser mais complicado do que inicialmente esperado. Em consequ\u00eancia, o resultado final ficou aqu\u00e9m das expectativas mas serviu para aprimorar as minhas t\u00e9cnicas de gest\u00e3o or\u00e7amental.<\/p>\n<p><a href=\"http:\/\/hugocardoso.com\/blog\/archives\/8325\" target=\"_blank\" rel=\"noopener noreferrer\">O projecto foi retomado em 2015<\/a>, tendo novamente falhado de forma \u00e9pica, embora continuasse convicto que \u00e0 terceira seria de vez. No entanto, o <a href=\"http:\/\/hugocardoso.com\/blog\/archives\/11873\" target=\"_blank\" rel=\"noopener noreferrer\">resultado esteve longe do esperado<\/a>, com mais um fracasso em termos or\u00e7amentais. Para este ano de 2017, resolvi colocar este projecto em standby, embora continue a registar todos os meus gastos extra.<\/p>\n<p>A cria\u00e7\u00e3o de um <a href=\"http:\/\/hugocardoso.com\/blog\/index.php?cat=1196\" target=\"_blank\" rel=\"noopener noreferrer\">podcast mensal<\/a> foi outro projecto igualmente interessante, que se encontra actualmente em standby, por manifesta falta de tempo e recursos. Relembro que este blog \u00e9 efectivamente pessoal, sendo essencialmente um &#8220;one man show&#8221;, o que coloca algumas restri\u00e7\u00f5es no que diz respeito a tempo.<\/p>\n<p>O derradeiro trimestre de 2015 marcou igualmente <a href=\"http:\/\/hugocardoso.com\/blog\/archives\/9862\" target=\"_blank\" rel=\"noopener noreferrer\">o upgrade para o iMac<\/a>, que se revelou um sucesso digno de registo, acrescentando a mais valia de melhorar a qualidade e rapidez dos conte\u00fados disponibilizados. Paralelamente, outro ponto que considero fundamental \u00e9 estabelecer parcerias com blogs ou portais. Ao longo dos anos, tenho criado sinergias em determinados projectos nacionais, com coopera\u00e7\u00f5es ocasionais e partilha de links. O maior destaque vai actualmente para o <a href=\"http:\/\/poki.com.br\" target=\"_blank\" rel=\"noopener noreferrer\">Poki<\/a>, um Portal de jogos, com os quais fa\u00e7o colabora\u00e7\u00f5es constantes, sugerindo alguns t\u00edtulos e divulgando novidades que penso serem do vosso interesse.<\/p>\n<p>A mais recente parceria diz respeito a um site portugu\u00eas, mais especificamente o <a href=\"http:\/\/www.techemportugues.com\" target=\"_blank\" rel=\"noopener noreferrer\">Tech em Portugu\u00eas<\/a>, que foi fundado em Outubro de 2015, sendo que vamos partilhar alguns artigos e sugest\u00f5es referentes a tecnologia, promovendo o vosso feedback positivo e construtivo.<\/p>\n<p>Nunca \u00e9 demais relembrar que espa\u00e7o foi criado para divulgar ideias e projetos que considero interessantes, pelo que \u00e9 para mim um prazer apoiar iniciativas nacionais, sobretudo na divulga\u00e7\u00e3o e promo\u00e7\u00e3o. O mais recente exemplo \u00e9 a <a href=\"http:\/\/www.kuiozo.com\" target=\"_blank\" rel=\"noopener noreferrer\">Kuiozo<\/a>, uma startup sediada em Oeiras e que aposta em revolucionar o mercado de video-streaming. Convido-vos a <a href=\"http:\/\/hugocardoso.com\/blog\/archives\/10248\" target=\"_blank\" rel=\"noopener noreferrer\">ler o artigo<\/a> acerca desta empresa e caso seja do vosso interesse, apoiem da forma que considerarem mais adequada.<\/p>\n<p>Mais recentemente, tenho divulgado algumas aplica\u00e7\u00f5es e dicas referentes a viagens e gadgets, com a cortesia da <a href=\"http:\/\/www.tiendeo.pt\" target=\"_blank\" rel=\"noopener noreferrer\">Tiendeo<\/a>. Nesta fase, estou a receber regularmente newsletters e press releases de novidades, nas mais diversas \u00e1reas, pelo que podem contar periodicamente com alguns artigos.<\/p>\n<p>O ano de 2017 come\u00e7ou com um enorme desafio, que consiste em criar conte\u00fados para o <a href=\"http:\/\/www.ptgamers.net\/index.php\" target=\"_blank\" rel=\"noopener noreferrer\">PT Gamers<\/a>, uma comunidade de gamers nacional. O objetivo principal foi alcan\u00e7ado, com a divulga\u00e7\u00e3o de projetos e jogos indie, assim como a minha paix\u00e3o por videojogos. Foi um prazer integrar este projeto, que terminou em 2018 e deixou uma s\u00e9rie de mem\u00f3rias francamente positivas.<\/p>\n<p>Foi necess\u00e1rio avan\u00e7ar alguns anos, mas em finais de 2020 subscrevi um <a href=\"https:\/\/hugocardoso.com\/blog\/archives\/18474\" target=\"_blank\" rel=\"noopener\">novo canal do YouTube<\/a>, dedicado ao gaming, em que tenho tipo oportunidade de partilhar alguns dos jogos preferidos da minha adolesc\u00eancia. Convido-vos a visitar os Amigos do Sof\u00e1 e fazer parte da comunidade, que tem entusiastas de consola assim como de computadores pessoais.<\/p>\n<p>Na playlist abaixo, podem ver alguns dos v\u00eddeos que disponibilizei, para que tenham uma ideia do tipo de conte\u00fado que podem encontrar.<\/p>\n<div class=\"epyt-gallery\" data-currpage=\"1\" id=\"epyt_gallery_21733\"><figure class=\"wp-block-embed wp-block-embed-youtube is-type-video is-provider-youtube epyt-figure\"><div class=\"wp-block-embed__wrapper\"><div class=\"epyt-video-wrapper\"><iframe loading=\"lazy\"  id=\"_ytid_59359\"  width=\"500\" height=\"281\"  data-origwidth=\"500\" data-origheight=\"281\"  data-relstop=\"1\" src=\"https:\/\/www.youtube.com\/embed\/AhMt7nTw_Z0?enablejsapi=1&autoplay=0&cc_load_policy=0&cc_lang_pref=&iv_load_policy=1&loop=0&rel=0&fs=1&playsinline=0&autohide=2&theme=dark&color=red&controls=1&disablekb=0&\" class=\"__youtube_prefs__  no-lazyload\" title=\"YouTube player\"  data-epytgalleryid=\"epyt_gallery_21733\"  allow=\"fullscreen; accelerometer; autoplay; clipboard-write; encrypted-media; gyroscope; picture-in-picture; web-share\" referrerpolicy=\"strict-origin-when-cross-origin\" allowfullscreen data-no-lazy=\"1\" data-skipgform_ajax_framebjll=\"\"><\/iframe><\/div><\/div><\/figure><div class=\"epyt-gallery-list\"><div class=\"epyt-pagination \"><div tabindex=\"0\" role=\"button\" class=\"epyt-pagebutton epyt-prev  hide \" data-playlistid=\"PLTGr7wamLn-KWBYH1KR79ZoLddzS8ha6O\" data-pagesize=\"15\" data-pagetoken=\"\" data-epcolumns=\"3\" data-showtitle=\"1\" data-showpaging=\"1\" data-autonext=\"0\" data-thumbplay=\"1\"><div class=\"epyt-arrow\">&laquo;<\/div> <div>Prev<\/div><\/div><div class=\"epyt-pagenumbers hide\"><div class=\"epyt-current\">1<\/div><div class=\"epyt-pageseparator\"> \/ <\/div><div class=\"epyt-totalpages\">1<\/div><\/div><div tabindex=\"0\" role=\"button\" class=\"epyt-pagebutton epyt-next hide \" data-playlistid=\"PLTGr7wamLn-KWBYH1KR79ZoLddzS8ha6O\" data-pagesize=\"15\" data-pagetoken=\"\" data-epcolumns=\"3\" data-showtitle=\"1\" data-showpaging=\"1\" data-autonext=\"0\" data-thumbplay=\"1\"><div>Next<\/div> <div class=\"epyt-arrow\">&raquo;<\/div><\/div><div class=\"epyt-loader\"><img loading=\"lazy\" decoding=\"async\" alt=\"loading\" width=\"16\" height=\"11\" src=\"https:\/\/hugocardoso.com\/blog\/wp-content\/plugins\/youtube-embed-plus\/images\/gallery-page-loader.gif\"><\/div><\/div><div class=\"epyt-gallery-allthumbs  epyt-cols-3 \"><div tabindex=\"0\" role=\"button\" data-videoid=\"AhMt7nTw_Z0\" class=\"epyt-gallery-thumb\"><div class=\"epyt-gallery-img-box\"><div class=\"epyt-gallery-img\" style=\"background-image: url(https:\/\/i.ytimg.com\/vi\/AhMt7nTw_Z0\/hqdefault.jpg)\"><div class=\"epyt-gallery-playhover\"><img loading=\"lazy\" decoding=\"async\" alt=\"play\" class=\"epyt-play-img\" width=\"30\" height=\"23\" src=\"https:\/\/hugocardoso.com\/blog\/wp-content\/plugins\/youtube-embed-plus\/images\/playhover.png\" data-no-lazy=\"1\" data-skipgform_ajax_framebjll=\"\" \/><div class=\"epyt-gallery-playcrutch\"><\/div><\/div><\/div><\/div><div class=\"epyt-gallery-title\">Os Amigos do Sof\u00e1 Ep.1<\/div><\/div><div tabindex=\"0\" role=\"button\" data-videoid=\"hi6aEJPJaQI\" class=\"epyt-gallery-thumb\"><div class=\"epyt-gallery-img-box\"><div class=\"epyt-gallery-img\" style=\"background-image: url(https:\/\/i.ytimg.com\/vi\/hi6aEJPJaQI\/hqdefault.jpg)\"><div class=\"epyt-gallery-playhover\"><img loading=\"lazy\" decoding=\"async\" alt=\"play\" class=\"epyt-play-img\" width=\"30\" height=\"23\" src=\"https:\/\/hugocardoso.com\/blog\/wp-content\/plugins\/youtube-embed-plus\/images\/playhover.png\" data-no-lazy=\"1\" data-skipgform_ajax_framebjll=\"\" \/><div class=\"epyt-gallery-playcrutch\"><\/div><\/div><\/div><\/div><div class=\"epyt-gallery-title\">Os Amigos do Sof\u00e1 Ep.2<\/div><\/div><div tabindex=\"0\" role=\"button\" data-videoid=\"LYew9wsIxxY\" class=\"epyt-gallery-thumb\"><div class=\"epyt-gallery-img-box\"><div class=\"epyt-gallery-img\" style=\"background-image: url(https:\/\/i.ytimg.com\/vi\/LYew9wsIxxY\/hqdefault.jpg)\"><div class=\"epyt-gallery-playhover\"><img loading=\"lazy\" decoding=\"async\" alt=\"play\" class=\"epyt-play-img\" width=\"30\" height=\"23\" src=\"https:\/\/hugocardoso.com\/blog\/wp-content\/plugins\/youtube-embed-plus\/images\/playhover.png\" data-no-lazy=\"1\" data-skipgform_ajax_framebjll=\"\" \/><div class=\"epyt-gallery-playcrutch\"><\/div><\/div><\/div><\/div><div class=\"epyt-gallery-title\">Os Amigos do Sof\u00e1 Ep.3<\/div><\/div><div class=\"epyt-gallery-rowbreak\"><\/div><div tabindex=\"0\" role=\"button\" data-videoid=\"8QoiCZ2vH_c\" class=\"epyt-gallery-thumb\"><div class=\"epyt-gallery-img-box\"><div class=\"epyt-gallery-img\" style=\"background-image: url(https:\/\/i.ytimg.com\/vi\/8QoiCZ2vH_c\/hqdefault.jpg)\"><div class=\"epyt-gallery-playhover\"><img loading=\"lazy\" decoding=\"async\" alt=\"play\" class=\"epyt-play-img\" width=\"30\" height=\"23\" src=\"https:\/\/hugocardoso.com\/blog\/wp-content\/plugins\/youtube-embed-plus\/images\/playhover.png\" data-no-lazy=\"1\" data-skipgform_ajax_framebjll=\"\" \/><div class=\"epyt-gallery-playcrutch\"><\/div><\/div><\/div><\/div><div class=\"epyt-gallery-title\">Os Amigos do Sof\u00e1 Ep.4<\/div><\/div><div tabindex=\"0\" role=\"button\" data-videoid=\"6PvLoIltSrY\" class=\"epyt-gallery-thumb\"><div class=\"epyt-gallery-img-box\"><div class=\"epyt-gallery-img\" style=\"background-image: url(https:\/\/i.ytimg.com\/vi\/6PvLoIltSrY\/hqdefault.jpg)\"><div class=\"epyt-gallery-playhover\"><img loading=\"lazy\" decoding=\"async\" alt=\"play\" class=\"epyt-play-img\" width=\"30\" height=\"23\" src=\"https:\/\/hugocardoso.com\/blog\/wp-content\/plugins\/youtube-embed-plus\/images\/playhover.png\" data-no-lazy=\"1\" data-skipgform_ajax_framebjll=\"\" \/><div class=\"epyt-gallery-playcrutch\"><\/div><\/div><\/div><\/div><div class=\"epyt-gallery-title\">Os Amigos do Sof\u00e1 Ep.5<\/div><\/div><div tabindex=\"0\" role=\"button\" data-videoid=\"Zr5i00C4jGg\" class=\"epyt-gallery-thumb\"><div class=\"epyt-gallery-img-box\"><div class=\"epyt-gallery-img\" style=\"background-image: url(https:\/\/i.ytimg.com\/vi\/Zr5i00C4jGg\/hqdefault.jpg)\"><div class=\"epyt-gallery-playhover\"><img loading=\"lazy\" decoding=\"async\" alt=\"play\" class=\"epyt-play-img\" width=\"30\" height=\"23\" src=\"https:\/\/hugocardoso.com\/blog\/wp-content\/plugins\/youtube-embed-plus\/images\/playhover.png\" data-no-lazy=\"1\" data-skipgform_ajax_framebjll=\"\" \/><div class=\"epyt-gallery-playcrutch\"><\/div><\/div><\/div><\/div><div class=\"epyt-gallery-title\">Os Amigos do Sof\u00e1 Ep.6<\/div><\/div><div class=\"epyt-gallery-rowbreak\"><\/div><div tabindex=\"0\" role=\"button\" data-videoid=\"ZTf09DKnVvk\" class=\"epyt-gallery-thumb\"><div class=\"epyt-gallery-img-box\"><div class=\"epyt-gallery-img\" style=\"background-image: url(https:\/\/i.ytimg.com\/vi\/ZTf09DKnVvk\/hqdefault.jpg)\"><div class=\"epyt-gallery-playhover\"><img loading=\"lazy\" decoding=\"async\" alt=\"play\" class=\"epyt-play-img\" width=\"30\" height=\"23\" src=\"https:\/\/hugocardoso.com\/blog\/wp-content\/plugins\/youtube-embed-plus\/images\/playhover.png\" data-no-lazy=\"1\" data-skipgform_ajax_framebjll=\"\" \/><div class=\"epyt-gallery-playcrutch\"><\/div><\/div><\/div><\/div><div class=\"epyt-gallery-title\">Os Amigos do Sof\u00e1 Ep.7<\/div><\/div><div tabindex=\"0\" role=\"button\" data-videoid=\"Ex_bjJ8ktsE\" class=\"epyt-gallery-thumb\"><div class=\"epyt-gallery-img-box\"><div class=\"epyt-gallery-img\" style=\"background-image: url(https:\/\/i.ytimg.com\/vi\/Ex_bjJ8ktsE\/hqdefault.jpg)\"><div class=\"epyt-gallery-playhover\"><img loading=\"lazy\" decoding=\"async\" alt=\"play\" class=\"epyt-play-img\" width=\"30\" height=\"23\" src=\"https:\/\/hugocardoso.com\/blog\/wp-content\/plugins\/youtube-embed-plus\/images\/playhover.png\" data-no-lazy=\"1\" data-skipgform_ajax_framebjll=\"\" \/><div class=\"epyt-gallery-playcrutch\"><\/div><\/div><\/div><\/div><div class=\"epyt-gallery-title\">Os Amigos do Sof\u00e1 Ep.8<\/div><\/div><div tabindex=\"0\" role=\"button\" data-videoid=\"HQWp-RZXHuY\" class=\"epyt-gallery-thumb\"><div class=\"epyt-gallery-img-box\"><div class=\"epyt-gallery-img\" style=\"background-image: url(https:\/\/i.ytimg.com\/vi\/HQWp-RZXHuY\/hqdefault.jpg)\"><div class=\"epyt-gallery-playhover\"><img loading=\"lazy\" decoding=\"async\" alt=\"play\" class=\"epyt-play-img\" width=\"30\" height=\"23\" src=\"https:\/\/hugocardoso.com\/blog\/wp-content\/plugins\/youtube-embed-plus\/images\/playhover.png\" data-no-lazy=\"1\" data-skipgform_ajax_framebjll=\"\" \/><div class=\"epyt-gallery-playcrutch\"><\/div><\/div><\/div><\/div><div class=\"epyt-gallery-title\">Os Amigos do Sof\u00e1 Ep.9<\/div><\/div><div class=\"epyt-gallery-rowbreak\"><\/div><div class=\"epyt-gallery-clear\"><\/div><\/div><div class=\"epyt-pagination \"><div tabindex=\"0\" role=\"button\" class=\"epyt-pagebutton epyt-prev  hide \" data-playlistid=\"PLTGr7wamLn-KWBYH1KR79ZoLddzS8ha6O\" data-pagesize=\"15\" data-pagetoken=\"\" data-epcolumns=\"3\" data-showtitle=\"1\" data-showpaging=\"1\" data-autonext=\"0\" data-thumbplay=\"1\"><div class=\"epyt-arrow\">&laquo;<\/div> <div>Prev<\/div><\/div><div class=\"epyt-pagenumbers hide\"><div class=\"epyt-current\">1<\/div><div class=\"epyt-pageseparator\"> \/ <\/div><div class=\"epyt-totalpages\">1<\/div><\/div><div tabindex=\"0\" role=\"button\" class=\"epyt-pagebutton epyt-next hide \" data-playlistid=\"PLTGr7wamLn-KWBYH1KR79ZoLddzS8ha6O\" data-pagesize=\"15\" data-pagetoken=\"\" data-epcolumns=\"3\" data-showtitle=\"1\" data-showpaging=\"1\" data-autonext=\"0\" data-thumbplay=\"1\"><div>Next<\/div> <div class=\"epyt-arrow\">&raquo;<\/div><\/div><div class=\"epyt-loader\"><img loading=\"lazy\" decoding=\"async\" alt=\"loading\" width=\"16\" height=\"11\" src=\"https:\/\/hugocardoso.com\/blog\/wp-content\/plugins\/youtube-embed-plus\/images\/gallery-page-loader.gif\"><\/div><\/div><\/div><\/div>\n<p>Aproveito para salientar que podem utilizar <a href=\"https:\/\/hugocardoso.com\/blog\/contacto\" target=\"_blank\" rel=\"noopener noreferrer\">o formul\u00e1rio de contacto<\/a>, para enviar as vossas ideias, press releases ou mesmo propostas de parceria.<\/p>\n<p>Para 2025, o meu objetivo passa por partilhar 6 artigos por m\u00eas. Esta decis\u00e3o visa privilegiar a qualidade em detrimento da quantidade, libertando tempo para os meus hobbies. Espero que o conte\u00fado continue a ser do vosso agrado e, como sempre, CARPE DIEM!<\/p>\n\n\n<p><\/p>\n","protected":false},"excerpt":{"rendered":"<p>Aquando da cria\u00e7\u00e3o deste espa\u00e7o, o objetivo primordial passava por promover a intera\u00e7\u00e3o e partilhar algumas ideias e experi\u00eancias. Confesso que nos prim\u00f3rdios, esse conceito acabou por ficar aqu\u00e9m das &hellip; <\/p>\n","protected":false},"author":1,"featured_media":0,"parent":0,"menu_order":0,"comment_status":"closed","ping_status":"closed","template":"","meta":{"jetpack_post_was_ever_published":false,"footnotes":""},"class_list":["post-9028","page","type-page","status-publish","hentry"],"jetpack_shortlink":"https:\/\/wp.me\/P1qeZR-2lC","jetpack_sharing_enabled":true,"_links":{"self":[{"href":"https:\/\/hugocardoso.com\/blog\/wp-json\/wp\/v2\/pages\/9028","targetHints":{"allow":["GET"]}}],"collection":[{"href":"https:\/\/hugocardoso.com\/blog\/wp-json\/wp\/v2\/pages"}],"about":[{"href":"https:\/\/hugocardoso.com\/blog\/wp-json\/wp\/v2\/types\/page"}],"author":[{"embeddable":true,"href":"https:\/\/hugocardoso.com\/blog\/wp-json\/wp\/v2\/users\/1"}],"replies":[{"embeddable":true,"href":"https:\/\/hugocardoso.com\/blog\/wp-json\/wp\/v2\/comments?post=9028"}],"version-history":[{"count":6,"href":"https:\/\/hugocardoso.com\/blog\/wp-json\/wp\/v2\/pages\/9028\/revisions"}],"predecessor-version":[{"id":25437,"href":"https:\/\/hugocardoso.com\/blog\/wp-json\/wp\/v2\/pages\/9028\/revisions\/25437"}],"wp:attachment":[{"href":"https:\/\/hugocardoso.com\/blog\/wp-json\/wp\/v2\/media?parent=9028"}],"curies":[{"name":"wp","href":"https:\/\/api.w.org\/{rel}","templated":true}]}}